 remainder when j is divided by 5.
4
Let w = -28 - -88. Let z = -31 + w. Calculate the remainder when z is divided by 16.
13
Let w(s) = 2*s + 4. Calculate the remainder when 49 is divided by w(3).
9
Let u = 46 - 0. What is the remainder when u is divided by 10?
6
Suppose 3*p + 0*p = -4*o + 2, 2*o + 2*p = 0. Suppose 0 = -i + 4 - o. Suppose 0 = -4*x + i + 14. What is the remainder when x is divided by 2?
0
What is the remainder when 1/(-3) + 1467/27 is divided by 19?
16
Suppose 4*q + 4*q - 640 = 0. What is the remainder when q is divided by 21?
17
Suppose l = -2*l + 12. Suppose l*c - 27 - 9 = 0. What is the remainder when 15 is divided by c?
6
Suppose -2*c = 5*w + 14, -w + 5*w - c = -6. Calculate the remainder when 4/w*(-10 - 0) is divided by 7.
6
Suppose -2*c + 130 = 3*c. Suppose 31 = 3*b + 3*p - 47, b = 4*p + c. What is the remainder when b is divided by 14?
12
Calculate the remainder when 33 is divided by -6*5/(-15) - -5.
5
Let j = 8 + -4. Suppose j*i - 44 = h, -3*i = -3*h - 3 - 21. What is the remainder when i is divided by 7?
5
Let p = 50 - 36. What is the remainder when 16/(-12)*-10*3 is divided by p?
12
Let k = -322 - -211. Let c = -64 - k. Calculate the remainder when c is divided by 10.
7
Let d = 20 + -18. Calculate the remainder when 2 is divided by d.
0
Suppose -4*y - 1 = -69. What is the remainder when 33 is divided by y?
16
Let c = 46 + -15. What is the remainder when 61 is divided by c?
30
Suppose 7 = 4*q - 229. Calculate the remainder when q is divided by 15.
14
Let m(u) = u**3 - 7*u**2 + 6*u - 2. Let s be m(6). Let p(d) be the first derivative of -3*d**2/2 + d - 4. What is the remainder when 13 is divided by p(s)?
6
Let b be (-3)/(-1) + (2 - -15). Let h = b - -13. What is the remainder when h is divided by 9?
6
Suppose -38 = -2*b - 0*b. Let l(t) = 4*t**2 - 3*t. What is the remainder when b is divided by l(2)?
9
Suppose y - 172 = -3*y. Calculate the remainder when y is divided by 11.
10
What is the remainder when (-4 - -28) + -4 - 2 is divided by 4?
2
Calculate the remainder when 3284/28 - 2/7 is divided by 30.
27
Let w = 9 - 5. Suppose 3*a - 5*a = 5*l + w, -a = 2*l + 1. Let d = 7 - 5. Calculate the remainder when a is divided by d.
1
Let s(f) = -f**3 + 1 + 9 + 4. What is the remainder when 0 - (-41 + -1 + 1) is divided by s(0)?
13
Let q = 785 - 461. What is the remainder when q is divided by 65?
64
Suppose 6*w - 84 = -6*w. What is the remainder when w is divided by 5?
2
Suppose -2*z - 48 = 2*z. Calculate the remainder when (-1 + 3)/(z/(-138)) is divided by 6.
5
Let b(a) = -a**3 + 8*a**2 + 7*a - 24. What is the remainder when b(7) is divided by 19?
17
Let s = -7 + 18. Suppose -5*m - 24 = -184. Calculate the remainder when m is divided by s.
10
Suppose 0 = -4*m - 2 - 18. Let h(z) = -3*z**2 - 5*z + 6. Let l be h(m). What is the remainder when (1 + -2)*l/4 is divided by 4?
3
Let m be -2*(1 - (-3)/(-2)). Suppose 0 = h + m, -v - 2*v + 38 = 4*h. Suppose 0 = -c - 3*c + 104. Calculate the remainder when c is divided by v.
12
Let u = 11 + -3. Let m be (u/10)/(2/145). Suppose 2*p + s = m, 4*s = 3*s. Calculate the remainder when p is divided by 10.
9
Suppose 4*z + o = 58, 4 + 1 = z + 5*o. What is the remainder when 56 is divided by z?
11
Let x = 131 - 78. Suppose 0*p + 2*p + 60 = 3*z, 4*p = -2*z - 152. Let b = p + x. What is the remainder when 50 is divided by b?
16
Calculate the remainder when 31 is divided by (0 - -1)/(2/34).
14
Suppose -3*q = -10*q + 679. Calculate the remainder when q is divided by 25.
22
Let t be 1 - -42 - (2 - 3). Suppose t = -3*z + 5*z. Calculate the remainder when z is divided by 8.
6
Suppose 5*v - 57 = 53. Let i = v - 18. What is the remainder when 13 is divided by i?
1
Suppose 0 = 5*p - 7 - 43. Suppose -2*z + 52 = -0*z. Let l = -8 + z. Calculate the remainder when l is divided by p.
8
Suppose 3*m = 311 + 427. Suppose -177 = -3*a - v, 0 = -3*a - a + 2*v + m. Let k = a - 8. What is the remainder when k is divided by 18?
16
Suppose 4*b - 5*u - 36 = -u, -7 = -3*b - 2*u. Suppose -5*a - b*j = -345, 0*j = -5*a - j + 329. Let w = 37 + -20. Calculate the remainder when a is divided by w.
14
Let a(c) = 5*c**3 - 2*c**2 - 2*c + 3. What is the remainder when a(2) is divided by 8?
7
Let r(i) = i**3 - 13*i**2 - 13*i - 13. Let k be r(14). Calculate the remainder when 44 is divided by (k + 0 + -2)*-15.
14
Let o = -40 - -86. Calculate the remainder when o is divided by (-3)/(-3)*17 - 1.
14
Let s = -11 - -8. Let c = 9 + s. Suppose r + 75 = c*r. Calculate the remainder when 29 is divided by r.
14
Let k(l) = 6*l - 2. What is the remainder when 9 is divided by k(1)?
1
Suppose -4*a + 2*g + 35 = -g, -a - g + 14 = 0. Calculate the remainder when a is divided by 7.
4
Suppose -93*l = -92*l - 11. Let y = -20 + 41. Calculate the remainder when y is divided by l.
10
Suppose -4 = 5*c + 4*d + 2, 3 = -4*c - 5*d. Let l(f) = f**2 - f + 1. Let x = 13 + -9. What is the remainder when l(c) is divided by x?
3
Let b = -5 + 13. Suppose -6 = -0*r + r. Let j(c) = c**3 + 8*c**2 + 8*c - 2. What is the remainder when j(r) is divided by b?
6
Let r(b) = -4 + 2 + 27*b**2 + 3*b - 9*b**2. Let x be ((-6)/4)/(24/(-32)). What is the remainder when r(x) is divided by 26?
24
Suppose 0 = -9*a + 5*a - 16. Let d = a + 8. Let c = -3 - -13. Calculate the remainder when c is divided by d.
2
What is the remainder when (-3)/(-9) - 160/(-6) is divided by 399/42 - (-2)/4*1?
7
Let o = 86 - 57. Suppose -2*c - 113 + 390 = 5*t, -t + c + 61 = 0. Let v = t - o. Calculate the remainder when v is divided by 10.
8
Let g be 2/4*(-32 + 0). Let l = g + 40. Calculate the remainder when l is divided by 13.
11
Suppose 0*f - 4*f = -b + 51, -3*b - 3*f + 183 = 0. Let s(l) = l - 69. Let x be s(0). Let k = -49 - x. Calculate the remainder when b is divided by k.
19
Suppose 6*x - x = 65. Let m(g) = -1 - 3*g**2 + 1 + x*g**2 + 1. Calculate the remainder when 43 is divided by m(-1).
10
Suppose 0*u - 2 = y + 3*u, -5*u + 6 = 4*y. Suppose y*s = -f + 167, -2*s + f = s - 134. Let a = -6 - -21. Calculate the remainder when s is divided by a.
13
Calculate the remainder when -5*(198/30)/(-3) is divided by 6.
5
Suppose -4*w + w + 111 = 0. What is the remainder when w is divided by 15?
7
Suppose -22 = 3*b + 4*z, -4*z - 35 = 5*b + z. What is the remainder when (-1 + 141/b)*-2 is divided by (14 - -3)*2/2?
15
Suppose 6*s - 10*s + 44 = 0. Calculate the remainder when s is divided by 9.
2
Suppose -5 + 35 = 5*s - 5*a, 2*a - 2 = 0. Let r(i) = -12*i - 3. Calculate the remainder when r(-3) is divided by s.
5
Let n(a) = -a**2 - 14*a + 3. What is the remainder when n(-8) is divided by 13?
12
What is the remainder when 14 is divided by 57/15 + (-3)/(-15)?
2
Suppose -4*c + 112 = -0*c. Let h be (4/(-8))/((-1)/c). Suppose x = -4*x - 3*m + 4, 5*m = 2*x - h. Calculate the remainder when 4 is divided by x.
0
Let o = -57 + 96. What is the remainder when o is divided by (-20)/7*(-35)/10?
9
Let f = -16 + 33. Let y = 31 - f. Let m = 77 - 50. Calculate the remainder when m is divided by y.
13
Let m be (-3)/(-6)*-2 - -4. Let s be -3*(-1)/3 + m. Suppose n = -s*n + 130. Calculate the remainder when n is divided by 14.
12
Let d = -4 + 4. Suppose -4*m + 8*m - 24 = d. What is the remainder when 22 is divided by m?
4
Suppose 0 = w + 1, 3*w - 4 = x - 18. What is the remainder when 41 is divided by x?
8
Suppose -60 = 6*w - 10*w. Let q(a) = a**3 + a**2 - a + 28. Calculate the remainder when q(0) is divided by w.
13
Suppose v - 2 - 23 = 0. What is the remainder when 47 is divided by v?
22
Let j(g) = -g**2 + 12*g + 6. What is the remainder when j(8) is divided by 13?
12
Let i be 1/((6/15)/2). Suppose i*r + 4*d - 79 = 0, 7*r + 3*d = 3*r + 63. Calculate the remainder when 42 is divided by r.
12
Suppose -5*n + 47 = 3*g - 4*n, -5*g - n = -79. Suppose 10*c = 5*c + 120. Let w = c - g. Calculate the remainder when 15 is divided by w.
7
Let j(d) = -d**2 + 7*d + 3. Let z be j(6). Let o = -4 - -7. Let m = z - o. What is the remainder when 16 is divided by m?
4
Suppose -2 - 26 = -4*b - 5*h, -h + 56 = 5*b. Calculate the remainder when b is divided by 8.
4
Suppose 1 - 7 = 3*n. Let d be n/(51/(-45) - -1). Suppose -2*z + 17 = -d. Calculate the remainder when 30 is divided by z.
14
Let w = 57 + -32. Suppose -3*t - 5*v = -w, -t = -5*t + 5*v - 25. Suppose t = 